{"id":49,"date":"2017-02-15T20:09:50","date_gmt":"2017-02-15T20:09:50","guid":{"rendered":"http:\/\/localhost\/wordpress\/?page_id=49"},"modified":"2023-10-12T08:40:44","modified_gmt":"2023-10-12T08:40:44","slug":"quem-somos","status":"publish","type":"page","link":"https:\/\/www.airfsabugueiro.pt\/index.php\/quem-somos\/","title":{"rendered":"Quem Somos"},"content":{"rendered":"<p style=\"text-align: justify;\">A Associa\u00e7\u00e3o de Idosos e Reformados da Freguesia do Sabugueiro,\u00a0com sede em Sabugueiro, Uni\u00e3o de Freguesias de S. Pedro da Gafanhoeira e Sabugueiro, Conselho de Arraiolos\u00a0foi fundada em 6 de Maio de 1997, pelos senhores Gualdino Dedeiras, Jos\u00e9 Francisco Boieiro, Manuel Cipriano Couveiro, Ant\u00f3nio Vermelho e Jer\u00f3nimo Tira-Picos.<\/p>","protected":false},"excerpt":{"rendered":"<p>A Associa\u00e7\u00e3o de Idosos e Reformados da Freguesia do Sabugueiro,\u00a0com sede em Sabugueiro, Uni\u00e3o de Freguesias de S. Pedro da Gafanhoeira e Sabugueiro, Conselho de Arraiolos\u00a0foi fundada em 6 de Maio de 1997, pelos senhores Gualdino Dedeiras, Jos\u00e9 Francisco Boieiro, Manuel Cipriano Couveiro, Ant\u00f3nio Vermelho e Jer\u00f3nimo Tira-Picos.<\/p>","protected":false},"author":1,"featured_media":664,"parent":0,"menu_order":0,"comment_status":"closed","ping_status":"closed","template":"","meta":{"footnotes":""},"_links":{"self":[{"href":"https:\/\/www.airfsabugueiro.pt\/index.php\/wp-json\/wp\/v2\/pages\/49"}],"collection":[{"href":"https:\/\/www.airfsabugueiro.pt\/index.php\/wp-json\/wp\/v2\/pages"}],"about":[{"href":"https:\/\/www.airfsabugueiro.pt\/index.php\/wp-json\/wp\/v2\/types\/page"}],"author":[{"embeddable":true,"href":"https:\/\/www.airfsabugueiro.pt\/index.php\/wp-json\/wp\/v2\/users\/1"}],"replies":[{"embeddable":true,"href":"https:\/\/www.airfsabugueiro.pt\/index.php\/wp-json\/wp\/v2\/comments?post=49"}],"version-history":[{"count":2,"href":"https:\/\/www.airfsabugueiro.pt\/index.php\/wp-json\/wp\/v2\/pages\/49\/revisions"}],"predecessor-version":[{"id":52,"href":"https:\/\/www.airfsabugueiro.pt\/index.php\/wp-json\/wp\/v2\/pages\/49\/revisions\/52"}],"wp:featuredmedia":[{"embeddable":true,"href":"https:\/\/www.airfsabugueiro.pt\/index.php\/wp-json\/wp\/v2\/media\/664"}],"wp:attachment":[{"href":"https:\/\/www.airfsabugueiro.pt\/index.php\/wp-json\/wp\/v2\/media?parent=49"}],"curies":[{"name":"wp","href":"https:\/\/api.w.org\/{rel}","templated":true}]}}

<p style="text-align: justify;">A Associação de Idosos e Reformados da Freguesia do Sabugueiro, com sede em Sabugueiro, União de Freguesias de S. Pedro da Gafanhoeira e Sabugueiro, Conselho de Arraiolos foi fundada em 6 de Maio de 1997, pelos senhores Gualdino Dedeiras, José Francisco Boieiro, Manuel Cipriano Couveiro, António Vermelho e Jerónimo Tira-Picos.</p>

<p>A Associação de Idosos e Reformados da Freguesia do Sabugueiro, com sede em Sabugueiro, União de Freguesias de S. Pedro da Gafanhoeira e Sabugueiro, Conselho de Arraiolos foi fundada em 6 de Maio de 1997, pelos senhores Gualdino Dedeiras, José Francisco Boieiro, Manuel Cipriano Couveiro, António Vermelho e Jerónimo Tira-Picos.</p>
